s digit of m?
2
Let u = -7 + 16. Suppose 0 = -3*t + u. What is the units digit of t?
3
Let t = -6 - -8. Suppose t*a + 3*a = 150. Suppose -3*j + 0*j + a = 0. What is the tens digit of j?
1
Suppose 0 = -0*x - x + 3. Suppose 0 = -x*s + 12, -4*b - 3*s - 8 = -2*s. Let u = b + 5. What is the units digit of u?
2
Let i be (-4)/(-2)*-5*-1. Suppose 3*k - k = i. Suppose k = 5*q - 0. What is the units digit of q?
1
Suppose -4*f + 220 = -52. Suppose p + 3*p = f. What is the units digit of p?
7
What is the hundreds digit of 2/1 - -105 - 4?
1
Let d = -4 - -7. Suppose 6*m + 6 = d*m. Let i = 3 - m. What is the units digit of i?
5
Suppose -2*i - 10 = -0*i. What is the units digit of -3 + (-140)/(1 + i)?
2
Let q(r) = 2*r**2 + 8*r - 17. What is the tens digit of q(6)?
0
Suppose -90 = 5*c - 10*c. What is the tens digit of c?
1
Suppose -4*a + 3*p + 566 - 102 = 0, 5*a - 5*p - 575 = 0. What is the tens digit of a?
1
Suppose 0 = -0*t + 4*t - 12, o + 2*t = 53. What is the units digit of o?
7
Suppose -2*w + 5*w = 18. Let x be (0 + 1)*(w - -1). Suppose 2*g = -m + 10, -x*g = m - 3*g - 4. What is the units digit of m?
6
Suppose 4*q = -5*g + 62, 43 = 3*q + 2*g - 7. What is the tens digit of q?
1
Suppose 3*h = -3*r + 126, 2*h = 5*r - 0*h - 196. Let t = 4 - 0. What is the units digit of (2/t)/(4/r)?
5
What is the tens digit of (-1 - (10 - -3))*-2?
2
Suppose -5*i + 42 = -3*c, -2*i = -2*c - 6*i - 6. Let q be (-30)/c*(-6)/(-5). Suppose -q*y - 2*a + 22 = 0, -20 + 3 = y - 4*a. What is the units digit of y?
3
Let s = -15 + 12. What is the tens digit of ((-1)/s)/(4/516)?
4
Suppose 0*i - 3*r = -2*i + 14, -2*i - 4*r + 14 = 0. Let d = 13 - i. What is the units digit of d?
6
Let o(h) = 2*h**2 + 13*h - 43. What is the tens digit of o(-14)?
6
Suppose -3*b + 443 = 2*z + 151, 292 = 2*z - 3*b. Suppose 30 = l - j, -5*l = -j - 2*j - z. What is the units digit of l?
8
What is the units digit of 4*(1905/36 + (-4)/(-12))?
3
Let y = -15 - 48. What is the units digit of 2/9 + (-238)/y?
4
Let u be (-5)/1*4/(-10). Suppose -t = -u*t + 30. Suppose 3*c - t = -3. What is the units digit of c?
9
Suppose -5 = 6*c - c. Let s be ((-6)/18)/(c/6). Suppose s*h - 4 = -3*a + 5, 58 = 4*h - 2*a. What is the tens digit of h?
1
Let x = 142 + -70. Suppose -8*s + 6*s + x = 0. What is the tens digit of s?
3
Suppose 9 = -2*s - 5. Let r(u) = u**3 + 7*u**2 - 2*u - 9. Let t be r(s). Suppose -4*g + w + 11 = 0, g - 4 + 17 = -t*w. What is the units digit of g?
2
What is the tens digit of (176/(-28) + -4)*(-21)/2?
0
What is the units digit of 19/1 - (-4 - -7)?
6
What is the hundreds digit of (-8 - -11)/((14/(-132))/(-7))?
1
Let c(d) = -3*d + 8*d - 12 - 2*d. What is the units digit of c(8)?
2
Let w = -3 - -19. Let t = -11 + w. Suppose 37 = t*d - 38. What is the tens digit of d?
1
Suppose -k - 1 = 0, 4*a + 3*k - 17 = -0*k. Suppose -a*o + 21 = 6. What is the units digit of o?
3
Suppose 0 = 2*g - 3*g + 17. Suppose -s = -0*s + 1, 0 = -3*o + 2*s + g. Suppose -3*k + 5*u = -4*k + 25, -2*k + 45 = o*u. What is the units digit of k?
0
Let s = 4 - 2. What is the units digit of s*(-26)/(-8)*2?
3
Let m(l) = -l + 1. Let o be m(-2). Suppose -9 = -4*t + o*t. What is the units digit of t?
9
Suppose 0 = 3*y - 3, 13 = u - 5*y - 3. What is the units digit of u?
1
Suppose 0*j - 2*r = 2*j - 2, r = j - 9. What is the units digit of j?
5
Suppose -i + 6*i = 95. What is the tens digit of i?
1
Let n(t) = t**3 + 10*t**2 - 4*t. What is the tens digit of n(-10)?
4
Let z = -6 + 2. Let u(l) = -l**2 - 7*l - 4. What is the units digit of u(z)?
8
Let c(g) = g + 2. Let h(w) = -w**3 - 4*w**2 - 3*w. Let z = 0 + -3. Let q be h(z). What is the units digit of c(q)?
2
Suppose 0 = -5*o + 72 + 8. Suppose -3*y = -5*r - o + 71, -4*r = 3*y - 44. Let x = r + -8. What is the units digit of x?
3
Let o(b) = b + 1. Suppose -4*y - y = 0. Let z be o(y). Suppose -p = -10 - z. What is the units digit of p?
1
Suppose -2*l + 456 = 4*p - 0*l, 0 = l. What is the units digit of p?
4
Suppose -2*v + 18 = -14. Suppose 5*p + 13 = 2*f, 3*p + v = 3*f + 1. Suppose -2*j = -4*z + 50, f*j = z - 3*z + 20. What is the tens digit of z?
1
Let r(d) = 11*d. What is the units digit of r(5)?
5
Let d(q) = 25*q**2 + 8*q - 13. What is the units digit of d(2)?
3
Let s(p) = 3*p**2 + 3*p - 5. What is the tens digit of s(3)?
3
Let m = 8 + 5. What is the tens digit of m?
1
Suppose -3*d = 5*h - 3*h - 241, 0 = -4*h + 3*d + 491. What is the hundreds digit of h?
1
Let t(f) = 2*f - 4. Let o(h) = h**3 - h**2 + 2*h. Let w be o(2). What is the tens digit of t(w)?
1
Let c be 3/(-5)*-16 + 2/5. Suppose -4*g + 35 = g. Let b = c - g. What is the units digit of b?
3
Suppose -81 + 271 = 2*p. What is the units digit of p?
5
Let z(i) = 5*i**2 - 10*i - 10. What is the tens digit of z(8)?
3
Let l(x) = 5*x**2 + 7*x + 5. What is the units digit of l(-3)?
9
Let s be 24/10 + (-4)/10. Let b(z) = -s + 8*z - 3 - z**2 - 2. What is the units digit of b(6)?
5
Suppose 2*u + 2*u + 24 = -2*o, 4*u + 36 = -5*o. Let a = u - -2. What is the units digit of 44/10 - a/(-5)?
4
Let c(l) = -l + 3. Let i(t) = 2*t - 2. Let s be i(-1). What is the units digit of c(s)?
7
Let v be (-400)/(-12) + (-2)/(-3). Let f = v - 22. What is the tens digit of f?
1
Suppose -3*z = -i - 0*i - 2105, 4*z = 5*i + 2803. What is the units digit of 2/7 + z/42?
7
Suppose 0*k = -2*k + 240. Suppose -6*s = -s - k. What is the tens digit of s?
2
Let d(o) = -o**3 - 6*o**2 - o - 1. Let z be d(-6). Suppose i - z*n + 20 + 0 = 0, 42 = -4*i + n. What is the units digit of (-4)/10 + (-84)/i?
8
Let b(j) be the first derivative of j**4/4 + j**3/3 - j**2/2 + 4*j - 3. Let h be b(0). Suppose 0 = h*d - 24. What is the units digit of d?
6
Let w(a) be the third derivative of -a**6/120 + a**5/30 - a**4/24 - a**3/3 + a**2. What is the units digit of w(-2)?
6
Let n(s) = s**3 + 6*s**2 - 3*s + 6. Let g be n(-6). What is the units digit of (g/5)/(3/15)?
4
Suppose -22 - 14 = -2*l. Suppose -2*j - 5*g + 65 = j, l = j - 2*g. What is the tens digit of j?
2
Let s(b) = -b**3 - 15*b**2 - 17*b + 20. Let v be s(-14). Let q = 107 - v. What is the tens digit of q?
4
What is the units digit of -2*2/(-8)*2?
1
Suppose -4*c - c + 100 = 0. Let g be (-312)/c - 4/10. What is the units digit of ((-30)/5)/(6/g)?
6
Suppose 0 = 5*m + 25, g + 4*m - 3 - 4 = 0. What is the tens digit of g?
2
Let y = -98 - -251. What is the hundreds digit of y?
1
Let f = 30 - 21. What is the units digit of f?
9
Let f(r) = -r + 4. Let c(l) = -l - 1. Let g be (-2)/(-3) + 10/3. Let x be c(g). What is the units digit of f(x)?
9
Let o = 21 - -17. Suppose -4*t + o = -2*t. What is the units digit of t?
9
What is the tens digit of -2*(4 + -2)*(-25 - -5)?
8
Let j(n) = -n**3 - n**2 - 4*n + 5. What is the units digit of j(-4)?
9
Let g be ((-2)/6)/(1/(-12)). Suppose 4 + 4 = g*u. What is the units digit of (-1 + 2)/(u/12)?
6
What is the units digit of 44/3*(9/6 - 0)?
2
Let s be (90/(-40))/(2/(-8)). Let t = 12 - s. What is the units digit of t?
3
Let k(b) = -b**3 - 3*b**2 + 2*b. Let j(q) = 2*q + 4. Let d be j(-4). Let z be k(d). Suppose 2*g = -0*g + z. What is the units digit of g?
4
Let v = -29 + 44. Suppose v = -5*f, -63 = -5*r - 0*f + f. What is the units digit of r?
2
Suppose 4*n = 5*n + 40. Let a = 67 + n. What is the tens digit of a?
2
Suppose -j - 2*s = -104, 3*s + 243 = -0*j + 2*j. Suppose -4*p = -5*i + 255, -i + 3*i - 4*p = j. What is the units digit of i?
7
Let f(l) = -l**2 - 6*l + 1. Let k be f(-7). Let y(s) = s - 12. Let m be y(0). Let o = k - m. What is the units digit of o?
6
Let i = -15 - 10. What is the units digit of (-24)/(-5) - 5/i?
5
Let g(m) be the first derivative of m**2/2 + 5*m + 1. Let y be g(-4). What is the units digit of 4*(y - 3/6)?
2
Let k = 35 + -61. What is the units digit of 1/(k/9 - -3)?
9
What is the hundreds digit of -2*(-2001)/24 + (-3)/(-12)?
1
Let f(y) = 2*y**2 + 3*y - 5. Let c be (-1)/((-9)/(-4) + -2). Let p be f(c). Suppose -p = -2*x - x. What is the units digit of x?
5
Let z(n) be the third derivative of n**5/60 - n**4/6 - n**3/2 - 4*n**2. What is the units digit of z(6)?
9
Let f be (-1 + 6/4)*2. Let p be 4*15/(-6)*f. Let n = -5 - p. What is the units digit of n?
5
Suppose 0 = -4*z - 4, 0*z - 10 = -4*h + 2*z. Let c be 2 + -1 - (-2)/h. What is the units digit of 10 - 3 - (-1 + c)?
6
Let t(m) = 14*m**2 - 5*m + 2. What 